{"id":115,"date":"2015-05-11T03:07:58","date_gmt":"2015-05-11T03:07:58","guid":{"rendered":"http:\/\/164.77.116.3\/lfiacportal\/?page_id=115"},"modified":"2015-09-22T17:52:53","modified_gmt":"2015-09-22T17:52:53","slug":"basilica-o-templo-mayor","status":"publish","type":"page","link":"https:\/\/www.andacolloconectado.cl\/index.php\/turismo\/basilica-o-templo-mayor\/","title":{"rendered":"Bas\u00edlica Menor o Iglesia Grande"},"content":{"rendered":"<p style=\"text-align: justify;\">En 1869 el obispo de entonces\u00a0<strong>Jos\u00e9 Manuel Orrego<\/strong> decide\u00a0la construcci\u00f3n de un templo mayor que permitiera una atenci\u00f3n m\u00e1s digna y c\u00f3moda a la creciente muchedumbre de peregrinos.<\/p>\n<p><!--more--><\/p>\n<p style=\"text-align: justify;\">Los padres Dom\u00ednicos hab\u00edan logrado traer desde Roma a un arquitecto que trazara los planos de una de sus iglesias: la Recoleta dom\u00ednica; de igual manera se trajo un arquitecto italiano de prestigio y los trabajos de construcci\u00f3n del templo se iniciaron el <strong>26 de diciembre de 1873<\/strong>. Las faenas se extendieron por veinte a\u00f1os de manera que la inauguraci\u00f3n del templo fue el 26 de diciembre de <strong>1893<\/strong>.<\/p>\n<p style=\"text-align: justify;\">La empresa <strong>Parker<\/strong> se adjudic\u00f3 el honor de llevar al cabo este grandioso trabajo, pero los trabajadores contratados directamente por la empresa eran en un n\u00famero m\u00ednimo, por lo mismo, se necesit\u00f3 de los habitantes de ese entonces para concluir esta obra.\u00a0 Fue as\u00ed como los andacollinos se hicieron part\u00edcipes de esta obra tomando como costumbre los fines de semana de acercarse hasta las inmediaciones de la obra a colaborar principalmente en la fabricaci\u00f3n de los adobes.<br \/>\nLos ni\u00f1os descalzos saltaban por sobre los adobes logrando que \u00e9stos se compactasen adquiriendo una firmeza que hasta hoy perdura soportando las inclemencias del tiempo y los movimientos tel\u00faricos.<\/p>\n<p style=\"text-align: justify;\"><strong>La Bas\u00edlica Menor<\/strong> fue dise\u00f1ada por el <strong>Arquitecto Italiano<\/strong> llamado <strong>Eusebio Chelli<\/strong>, con un estilo rom\u00e1nico bizantino. Su mayor estructura es de madera de pino Oreg\u00f3n tra\u00edda desde California, los adobes est\u00e1n cubiertos por el exterior por l\u00e1minas de fierro galvanizadas y por el interior con ca\u00f1as de Guayaquil. Posee 36 columnas, 5 gigantescas puertas, 5 naves. Los cimientos sobre los cuales se posa esta obra monumental es de 6 metros de piedras y cemento. Las medidas son: 30 metros de ancho y 70 de largo; la altura es de 45 metros en la c\u00fapula, 40 metros en la parte media y 50 metros en las torres. Su altar principal fue fabricado en Paris. La capacidad que tiene es para 10.000 personas. La Bas\u00edlica desde las alturas describe una perfecta cruz.<\/p>\n<p>Fue\u00a0declarada<strong> Monumento Nacional <\/strong>en<strong> 1981<\/strong>.<\/p>\n","protected":false},"excerpt":{"rendered":"<p>En 1869 el obispo de entonces\u00a0Jos\u00e9 Manuel Orrego decide\u00a0la construcci\u00f3n de un templo mayor que permitiera una atenci\u00f3n m\u00e1s digna y c\u00f3moda a la creciente muchedumbre de peregrinos.<\/p>\n","protected":false},"author":4,"featured_media":0,"parent":51,"menu_order":1,"comment_status":"open","ping_status":"open","template":"page-single-turismo.php","meta":{"_acf_changed":false,"footnotes":""},"acf":[],"aioseo_notices":[],"_links":{"self":[{"href":"https:\/\/www.andacolloconectado.cl\/index.php\/wp-json\/wp\/v2\/pages\/115"}],"collection":[{"href":"https:\/\/www.andacolloconectado.cl\/index.php\/wp-json\/wp\/v2\/pages"}],"about":[{"href":"https:\/\/www.andacolloconectado.cl\/index.php\/wp-json\/wp\/v2\/types\/page"}],"author":[{"embeddable":true,"href":"https:\/\/www.andacolloconectado.cl\/index.php\/wp-json\/wp\/v2\/users\/4"}],"replies":[{"embeddable":true,"href":"https:\/\/www.andacolloconectado.cl\/index.php\/wp-json\/wp\/v2\/comments?post=115"}],"version-history":[{"count":17,"href":"https:\/\/www.andacolloconectado.cl\/index.php\/wp-json\/wp\/v2\/pages\/115\/revisions"}],"predecessor-version":[{"id":923,"href":"https:\/\/www.andacolloconectado.cl\/index.php\/wp-json\/wp\/v2\/pages\/115\/revisions\/923"}],"up":[{"embeddable":true,"href":"https:\/\/www.andacolloconectado.cl\/index.php\/wp-json\/wp\/v2\/pages\/51"}],"wp:attachment":[{"href":"https:\/\/www.andacolloconectado.cl\/index.php\/wp-json\/wp\/v2\/media?parent=115"}],"curies":[{"name":"wp","href":"https:\/\/api.w.org\/{rel}","templated":true}]}}

Basílica Menor o Iglesia Grande

<p style="text-align: justify;">En 1869 el obispo de entonces <strong>José Manuel Orrego</strong> decide la construcción de un templo mayor que permitiera una atención más digna y cómoda a la creciente muchedumbre de peregrinos.</p>
<p><!--more--></p>
<p style="text-align: justify;">Los padres Domínicos habían logrado traer desde Roma a un arquitecto que trazara los planos de una de sus iglesias: la Recoleta domínica; de igual manera se trajo un arquitecto italiano de prestigio y los trabajos de construcción del templo se iniciaron el <strong>26 de diciembre de 1873</strong>. Las faenas se extendieron por veinte años de manera que la inauguración del templo fue el 26 de diciembre de <strong>1893</strong>.</p>
<p style="text-align: justify;">La empresa <strong>Parker</strong> se adjudicó el honor de llevar al cabo este grandioso trabajo, pero los trabajadores contratados directamente por la empresa eran en un número mínimo, por lo mismo, se necesitó de los habitantes de ese entonces para concluir esta obra.  Fue así como los andacollinos se hicieron partícipes de esta obra tomando como costumbre los fines de semana de acercarse hasta las inmediaciones de la obra a colaborar principalmente en la fabricación de los adobes.<br />
Los niños descalzos saltaban por sobre los adobes logrando que éstos se compactasen adquiriendo una firmeza que hasta hoy perdura soportando las inclemencias del tiempo y los movimientos telúricos.</p>
<p style="text-align: justify;"><strong>La Basílica Menor</strong> fue diseñada por el <strong>Arquitecto Italiano</strong> llamado <strong>Eusebio Chelli</strong>, con un estilo románico bizantino. Su mayor estructura es de madera de pino Oregón traída desde California, los adobes están cubiertos por el exterior por láminas de fierro galvanizadas y por el interior con cañas de Guayaquil. Posee 36 columnas, 5 gigantescas puertas, 5 naves. Los cimientos sobre los cuales se posa esta obra monumental es de 6 metros de piedras y cemento. Las medidas son: 30 metros de ancho y 70 de largo; la altura es de 45 metros en la cúpula, 40 metros en la parte media y 50 metros en las torres. Su altar principal fue fabricado en Paris. La capacidad que tiene es para 10.000 personas. La Basílica desde las alturas describe una perfecta cruz.</p>
<p>Fue declarada<strong> Monumento Nacional </strong>en<strong> 1981</strong>.</p>

<p>En 1869 el obispo de entonces José Manuel Orrego decide la construcción de un templo mayor que permitiera una atención más digna y cómoda a la creciente muchedumbre de peregrinos.</p>
