{"id":133,"date":"2015-05-11T03:20:54","date_gmt":"2015-05-11T03:20:54","guid":{"rendered":"http:\/\/164.77.116.3\/lfiacportal\/?page_id=133"},"modified":"2016-01-06T14:52:41","modified_gmt":"2016-01-06T14:52:41","slug":"sala-museografica-yahuin","status":"publish","type":"page","link":"https:\/\/www.andacolloconectado.cl\/index.php\/turismo\/sala-museografica-yahuin\/","title":{"rendered":"Sala Museogr\u00e1fica Yahu\u00edn"},"content":{"rendered":"<p style=\"text-align: justify;\">En la Sala <strong>Museogr\u00e1fica Yahu\u00edn<\/strong> se puede ver una completa exposici\u00f3n de M<strong>uestras Arqueol\u00f3gicas<\/strong> de la comuna de <strong>Andacollo<\/strong>, pertenecientes a las <strong>culturas Huentelauqu\u00e9n, Molle, Diaguita e Inca<\/strong>.<\/p>\n<p><!--more--><\/p>\n<p style=\"text-align: justify;\"><strong>Vasijas, puntas de flecha, cer\u00e1micas, morteros<\/strong> son s\u00f3lo una parte de los vestigios que se encuentran en esta sala, y que fueron encontradas en <strong>diversos sectores de la comuna<\/strong>.<\/p>\n<p style=\"text-align: justify;\">Puedes ver estos verdaderos testimonios ancestrales en calle <strong>Urmeneta esquina Quiteria Varas, Andacollo<\/strong>.<\/p>\n","protected":false},"excerpt":{"rendered":"<p>En la Sala Museogr\u00e1fica Yahu\u00edn se puede ver una completa exposici\u00f3n de Muestras Arqueol\u00f3gicas de la comuna de Andacollo, pertenecientes a las culturas Huentelauqu\u00e9n, Molle, Diaguita e Inca.<\/p>\n","protected":false},"author":4,"featured_media":0,"parent":51,"menu_order":4,"comment_status":"open","ping_status":"open","template":"page-single-turismo.php","meta":{"_acf_changed":false,"footnotes":""},"acf":[],"aioseo_notices":[],"_links":{"self":[{"href":"https:\/\/www.andacolloconectado.cl\/index.php\/wp-json\/wp\/v2\/pages\/133"}],"collection":[{"href":"https:\/\/www.andacolloconectado.cl\/index.php\/wp-json\/wp\/v2\/pages"}],"about":[{"href":"https:\/\/www.andacolloconectado.cl\/index.php\/wp-json\/wp\/v2\/types\/page"}],"author":[{"embeddable":true,"href":"https:\/\/www.andacolloconectado.cl\/index.php\/wp-json\/wp\/v2\/users\/4"}],"replies":[{"embeddable":true,"href":"https:\/\/www.andacolloconectado.cl\/index.php\/wp-json\/wp\/v2\/comments?post=133"}],"version-history":[{"count":10,"href":"https:\/\/www.andacolloconectado.cl\/index.php\/wp-json\/wp\/v2\/pages\/133\/revisions"}],"predecessor-version":[{"id":1594,"href":"https:\/\/www.andacolloconectado.cl\/index.php\/wp-json\/wp\/v2\/pages\/133\/revisions\/1594"}],"up":[{"embeddable":true,"href":"https:\/\/www.andacolloconectado.cl\/index.php\/wp-json\/wp\/v2\/pages\/51"}],"wp:attachment":[{"href":"https:\/\/www.andacolloconectado.cl\/index.php\/wp-json\/wp\/v2\/media?parent=133"}],"curies":[{"name":"wp","href":"https:\/\/api.w.org\/{rel}","templated":true}]}}