{"id":363,"date":"2015-05-19T20:41:52","date_gmt":"2015-05-19T20:41:52","guid":{"rendered":"http:\/\/164.77.116.3\/lfiacportal\/?page_id=363"},"modified":"2015-09-22T17:51:40","modified_gmt":"2015-09-22T17:51:40","slug":"rutas","status":"publish","type":"page","link":"https:\/\/www.andacolloconectado.cl\/index.php\/turismo\/rutas\/","title":{"rendered":"Rutas"},"content":{"rendered":"<p style=\"text-align: justify;\"><strong>Ruta del Oro<\/strong><br \/>\nEsta ruta lleva a los turistas por los distintas zonas de Andacollo donde hubo actividad minera, para que conozcan el antiguo proceso de extracci\u00f3n de oro.<\/p>\n<p><!--more--><\/p>\n<p>Conoce m\u00e1s ac\u00e1: <a href=\"http:\/\/diarioeldia.cl\/articulo\/ruta-oro\" target=\"_blank\">diarioeldia.cl\/articulo\/ruta-oro<\/a><\/p>\n<p style=\"text-align: justify;\"><strong>Ruta Antakari<br \/>\n<\/strong>La Ruta Antakari (Anta Kari en lengua inca significa \u201cgran hombre de cobre\u201d) naci\u00f3 con el objetivo de rescatar las tradiciones y potenciar las cualidades de las comunas de Vicu\u00f1a, R\u00edo Hurtado y Andacollo?. En esta \u00faltima, la ruta ancestral destaca atractivos como el Museo de la Virgen, Templo Chico, Bas\u00edlica Menor o \u201cIglesia Grande\u201d, Observatorio Collowara, entre otros imperdibles.<\/p>\n<p>Conoce m\u00e1s ac\u00e1:<a href=\"http:\/\/www.rutaantakari.cl\" target=\"_blank\"> www.rutaantakari.cl<\/a><\/p>\n<p style=\"text-align: justify;\"><strong>Ruta Minera<br \/>\n<\/strong>A\u00fan es posible conocer los trapiches: peque\u00f1os molinos de piedras, formados por grandes ruedas, de las cuales se extrae mineral de diferente valor. En alguna \u00e9poca no muy lejana funcionaron cientos de trapiches en Andacollo pero hoy s\u00f3lo restan algunos en actividad, situados en los alrededores de la ciudad.<\/p>\n<p style=\"text-align: justify;\"><strong>Terrazas ind\u00edgenas<br \/>\n<\/strong>Terrazas ubicadas en el sector de Chilcolco, se encuentran dentro de la propiedad de Sr. Hern\u00e1n Gallardo, este atractivo tur\u00edstico potencial de car\u00e1cter cultural esta a unos 5 minutos desde la ruta D-51 en el sector de las arenillas, lugar donde se rescata las tradiciones realizadas por nuestros ancestros en lo relacionado con la agricultura.<\/p>\n","protected":false},"excerpt":{"rendered":"<p>Ruta del Oro Esta ruta lleva a los turistas por los distintas zonas de Andacollo donde hubo actividad minera, para que conozcan el antiguo proceso de extracci\u00f3n de oro.<\/p>\n","protected":false},"author":3,"featured_media":0,"parent":51,"menu_order":6,"comment_status":"open","ping_status":"open","template":"page-single-turismo.php","meta":{"_acf_changed":false,"footnotes":""},"acf":[],"aioseo_notices":[],"_links":{"self":[{"href":"https:\/\/www.andacolloconectado.cl\/index.php\/wp-json\/wp\/v2\/pages\/363"}],"collection":[{"href":"https:\/\/www.andacolloconectado.cl\/index.php\/wp-json\/wp\/v2\/pages"}],"about":[{"href":"https:\/\/www.andacolloconectado.cl\/index.php\/wp-json\/wp\/v2\/types\/page"}],"author":[{"embeddable":true,"href":"https:\/\/www.andacolloconectado.cl\/index.php\/wp-json\/wp\/v2\/users\/3"}],"replies":[{"embeddable":true,"href":"https:\/\/www.andacolloconectado.cl\/index.php\/wp-json\/wp\/v2\/comments?post=363"}],"version-history":[{"count":11,"href":"https:\/\/www.andacolloconectado.cl\/index.php\/wp-json\/wp\/v2\/pages\/363\/revisions"}],"predecessor-version":[{"id":922,"href":"https:\/\/www.andacolloconectado.cl\/index.php\/wp-json\/wp\/v2\/pages\/363\/revisions\/922"}],"up":[{"embeddable":true,"href":"https:\/\/www.andacolloconectado.cl\/index.php\/wp-json\/wp\/v2\/pages\/51"}],"wp:attachment":[{"href":"https:\/\/www.andacolloconectado.cl\/index.php\/wp-json\/wp\/v2\/media?parent=363"}],"curies":[{"name":"wp","href":"https:\/\/api.w.org\/{rel}","templated":true}]}}